9
Calculate the remainder when 73 is divided by (-51)/(-2) + 4/(-8).
23
Let y = -57 - -94. What is the remainder when y is divided by 13?
11
Suppose i = -0*i + 3*a + 2, -4 = -2*i + a. Suppose 0 = -u + 1, i*g - 119 - 70 = -u. What is the remainder when g is divided by 24?
22
Suppose y - 19 = -0*y - 2*v, -112 = -4*y + 4*v. What is the remainder when y is divided by 9?
7
Let w(q) = q**3 - 7*q**2 + 9*q - 4. Calculate the remainder when w(6) is divided by 8.
6
Suppose -3*j - j + 28 = 0. Let k(x) = x**3 - 7*x**2 + 7*x - 2. What is the remainder when j is divided by k(6)?
3
Let j = 4 - -3. Let o = j + -5. Let b(g) = 6*g**2 + 3*g - 1. Calculate the remainder when b(o) is divided by 8.
5
Let k(z) = 5*z**2 - 2*z - 3 + z - 4*z**2. Let d be k(3). Calculate the remainder when -5*1/d*-3 is divided by 4.
1
Suppose -14*b - 1925 = -25*b. Calculate the remainder when b is divided by 44.
43
Let p(b) = b**2 + 9*b - 15. What is the remainder when p(-13) is divided by 8?
5
Calculate the remainder when 13 is divided by (13 + -18)*(-1 - 0).
3
Suppose -24*m = -26*m + 34. What is the remainder when 38 is divided by m?
4
Let m(f) be the second derivative of -f**3 - f**2 - 2*f. Let u be 13/(-5) + (-6)/15. What is the remainder when m(u) is divided by 6?
4
Suppose -c - 10 = -29. Suppose 5*v - c - 26 = 0. Calculate the remainder when 33 is divided by v.
6
Suppose 5*w - 2*w = 15. Let f be (1 - (-7)/(-4))*4. Calculate the remainder when w is divided by -1 - 1 - (f - 1).
1
Let c = 36 - 20. Let g = c - 4. Suppose -4*x = 3*d - 129, 0 = x - 6*d + 3*d - 36. Calculate the remainder when x is divided by g.
9
Suppose 0 = 7*k - 0 - 63. What is the remainder when k is divided by 0 + 0 + 3 - -1?
1
Let m(c) = 2*c**2 - 18*c - 14. Calculate the remainder when 228 is divided by m(12).
54
Suppose 4*m = -3*w - w + 64, 4*m - 36 = 3*w. What is the remainder when 33 is divided by m?
9
Calculate the remainder when 31/7 + (-20)/(-35) is divided by 3.
2
What is the remainder when (27/5)/((-15)/(-50)) is divided by (1 + 0)/(2/14)?
4
Let r = 19 - 6. Calculate the remainder when 38 is divided by r.
12
Let k(g) = -g**2 + 10*g - 9. Let h be 2 + 0 + 2 + 2. What is the remainder when 42 is divided by k(h)?
12
Suppose 104 = 2*o + 3*k - 7*k, -5*o + 305 = 5*k. What is the remainder when o is divided by 15?
13
Let d = -336 + 522. Suppose -y + 3*y = d. What is the remainder when y is divided by 19?
17
Suppose 4*g + 2*g - 96 = 0. What is the remainder when 44 is divided by g?
12
Let b = 132 + -66. Let d = 96 - b. What is the remainder when d is divided by 8?
6
Suppose 0 = -u + 4*u - 45. Let i(q) = 8*q. What is the remainder when u is divided by i(1)?
7
Let k = -9 + 11. Calculate the remainder when 6 is divided by k.
0
Let k = 6 - -1. Calculate the remainder when 20 is divided by k.
6
Let y(i) = i**2 + i + 1. Let n be y(-1). Let u be -1*(2 + -1 - n). Let c = 3 + u. Calculate the remainder when 7 is divided by c.
1
Let m(p) = -p**3 + 4*p**2 + 7*p - 1. Suppose -3*r - 4 + 1 = 0. What is the remainder when 34/((2 - r) + -1) is divided by m(5)?
8
Suppose -4*s + w = -379, -2*w + 7*w = 3*s - 263. Calculate the remainder when s is divided by 25.
21
Suppose 4*h - 2*q - 314 = 0, 0 = -h + q - 14 + 91. Calculate the remainder when h is divided by 27.
26
Suppose 5*k - 185 = -5*t, k = -3*t + 40 + 3. Calculate the remainder when k is divided by 9.
7
Suppose 0 = -4*p + 4 + 4. What is the remainder when (560/(-50))/(p/(-10)) is divided by 19?
18
Suppose t = -4*t + 45. Let v = -5 + 9. Suppose v*d - 4 = 20. Calculate the remainder when t is divided by d.
3
Let y(d) = -4*d + 9. Let a be y(6). Let p = a + 30. Let i = 38 + -9. Calculate the remainder when i is divided by p.
14
Let t(y) = 26*y**2 - y. Let r = 11 - 7. Suppose -m + 4*v = -40, -6*v + 2*v + 200 = r*m. What is the remainder when m is divided by t(1)?
23
Let x(k) = -k + 2. Let c = -22 + 44. Calculate the remainder when c is divided by x(-6).
6
What is the remainder when 22 is divided by (-2)/(1 - -3)*-12?
4
Let s(x) = -x + 8. Let w be s(5). Let f(i) = 3*i**3 - 2*i**2 + 2*i + 4. Calculate the remainder when f(w) is divided by 25.
23
Calculate the remainder when ((-78)/(-52))/(3/38) is divided by 5.
4
Suppose 2*s + 2*s = -2*y + 56, -4*y + 7 = s. Calculate the remainder when 29 is divided by s.
14
Let a(b) = -b**3 + 5*b**2 + 4*b - 2. Let q be a(5). Let k be 36/10 - (-4)/10. Suppose -q = -k*z + 10. Calculate the remainder when z is divided by 3.
1
Suppose -3*t + 7*t + 401 = 3*x, -3*t = -5*x + 683. Suppose 5*w - w = c + x, -5*c + 87 = 3*w. What is the remainder when w is divided by 12?
10
Let p = -15 + 47. Calculate the remainder when p is divided by 17.
15
Let x = 88 - 59. Let k(h) = h**2 - 8*h + 14. Let m be k(6). Calculate the remainder when x is divided by (-2)/(112/60 - m).
14
Let k = -1 - -1. Suppose -2*h = -k*h - 102. Suppose -5*f - 1 = -h. What is the remainder when 18 is divided by f?
8
Let w = 30 + 78. Suppose 0 = 7*k - 479 + w. Let s = -56 - -83. What is the remainder when k is divided by s?
26
What is the remainder when 15 + ((-12)/4 - -4) is divided by 3?
1
Suppose 5*b - 160 = -8*p + 3*p, -5*b = -4*p - 142. Calculate the remainder when b is divided by (12/(-9))/((-2)/24).
14
Let o(h) = 50*h**2 + 1. What is the remainder when o(-1) is divided by 14?
9
Suppose 0 = -4*u + 13 + 63. Calculate the remainder when 54 is divided by u.
16
Suppose p = 12 + 18. Calculate the remainder when p is divided by 11.
8
Let m = 3 + -1. Suppose 5*a = -m*w + 13 + 9, -4*w - 2*a + 60 = 0. Suppose -26 = -3*z + t, w = z + 3*t - 6. What is the remainder when 38 is divided by z?
8
Suppose 2*m = -2*s + 8, -8*m + 3*m = 4*s - 23. Suppose 2 = 3*v - 2*v + 4*j, 4 = 2*j. Let o(k) = k**2 + 4*k. Calculate the remainder when o(v) is divided by m.
5
Let j(r) = r**3 - 2*r**2 - 4*r - 1. Suppose -2*f = 2*f. Suppose f*z + 116 = 2*z. Calculate the remainder when z is divided by j(4).
13
Let x(r) = -r + 6. Let y(p) = 3*p - 18. Let s(l) = -8*x(l) - 3*y(l). Let d be s(7). Calculate the remainder when d/((-1*3)/99) is divided by 17.
16
Suppose r - 4*r - 4*n = 16, -r - 4 = n. Suppose -2*i - 4*q + q + 43 = r, -5*i - q = -75. What is the remainder when i is divided by 5?
4
Let k = 1 - -15. What is the remainder when 56 is divided by k?
8
Let p = 34 - 24. Calculate the remainder when 39 is divided by p.
9
Let v = 6 - 4. Calculate the remainder when 2 - v - 126/(-3) is divided by 22.
20
Let q = -94 + 138. What is the remainder when q is divided by 23?
21
Let t = -7 + -4. Let a = t - -21. What is the remainder when a is divided by 3?
1
Let f = 16 + -5. Suppose 2*p - p - f = 0. What is the remainder when 31 is divided by p?
9
Let k = -6 + 10. Suppose k*f - 3 - 5 = 0. Calculate the remainder when 22 is divided by 98/8 + f/(-8).
10
Let p be (-15)/5 + (1 - 0). Let v be -1*1*(1 + p). Let t = v + 3. What is the remainder when 10 is divided by t?
2
Calculate the remainder when 12*-26*4/(-32) is divided by 14.
11
Let l = -41 - -95. Suppose 2*y - 58 = -r - 2*r, l = 4*r - 2*y. Calculate the remainder when 45 is divided by r.
13
Suppose z - 2 - 146 = 0. Let s = z + -89. Suppose -5*r + s = 9. Calculate the remainder when r is divided by 6.
4
Let b(p) = -12*p**2 - 7*p. Let c be b(-5). What is the remainder when (-1)/(-1)*c/(-5) is divided by 14?
11
Let c = -31 - -66. Calculate the remainder when c is divided by 19.
16
What is the remainder when 47 is divided by 74/8 + (-3)/(-4)?
7
Let v(y) = y**3 + 7*y**2 + 4*y - 7. Let w(f) = -f**2 - 15*f - 20. Let x be w(-14). Calculate the remainder when v(x) is divided by 4.
1
Suppose 0 = m - 2*o + 26 - 8, 0 = 5*o - 15. Let p = 19 + m. What is the remainder when 19 is divided by p?
5
Let z(p) = 2 + 2*p + 3*p**2 - 4*p**2 - 11*p. Let o be z(-9). Let r(u) = 3*u**3 - 2*u**2 - 2*u + 3. Calculate the remainder when 28 is divided by r(o).
13
Suppose -f = 2*f - 483. What is the remainder when f is divided by 18?
17
Let q = -7 - -61. Suppose -38 = 2*i - 108. Let x = q - i. What is the remainder when 55 is divided by x?
17
Suppose -147 = -3*c - 0*c. Calculate the remainder when c is divided by 17.
15
Suppose 5*o - 2*i + 10 = 69, 37 = 4*o - 5*i. Suppose -n = -0*n - 2. Let q = 5 + n. Calculate the remainder when o is divided by q.
6
Let c(d) = 20*d**2 - 1. Let q(z) = 4*z - 6. Let h(g) = -g**3 - 4*g**2